{"id":6,"date":"2018-06-20T01:20:35","date_gmt":"2018-06-19T23:20:35","guid":{"rendered":"https:\/\/sartori-friseure.de\/dorsten\/?page_id=6"},"modified":"2025-12-08T16:15:11","modified_gmt":"2025-12-08T15:15:11","slug":"home","status":"publish","type":"page","link":"https:\/\/sartori-friseure.de\/dorsten\/","title":{"rendered":"Home"},"content":{"rendered":"<p>[et_pb_section fb_built=&#8220;1&#8243; fullwidth=&#8220;on&#8220; _builder_version=&#8220;4.16&#8243; custom_padding=&#8220;0px|0px|0|0px|false|false&#8220; global_colors_info=&#8220;{}&#8220;][et_pb_fullwidth_image src=&#8220;https:\/\/sartori-friseure.de\/dorsten\/wp-content\/uploads\/sites\/8\/2019\/01\/home_header_dorsten-1.jpg&#8220; disabled_on=&#8220;on|off|off&#8220; _builder_version=&#8220;4.16&#8243; filter_brightness=&#8220;130%&#8220; global_colors_info=&#8220;{}&#8220;]<br \/>\n[\/et_pb_fullwidth_image][\/et_pb_section][et_pb_section fb_built=&#8220;1&#8243; admin_label=&#8220;Service Section&#8220; _builder_version=&#8220;4.16&#8243; background_color=&#8220;#ffffff&#8220; custom_margin=&#8220;|||&#8220; custom_padding=&#8220;77px||84px||false|false&#8220; global_colors_info=&#8220;{}&#8220;][et_pb_row admin_label=&#8220;Service Section Title&#8220; _builder_version=&#8220;4.16&#8243; custom_margin=&#8220;||40px|&#8220; animation_style=&#8220;fade&#8220; animation_direction=&#8220;top&#8220; saved_tabs=&#8220;all&#8220; global_colors_info=&#8220;{}&#8220;][et_pb_column type=&#8220;4_4&#8243; _builder_version=&#8220;4.16&#8243; custom_padding=&#8220;|||&#8220; global_colors_info=&#8220;{}&#8220; custom_padding__hover=&#8220;|||&#8220;][et_pb_text admin_label=&#8220;Title&#8220; _builder_version=&#8220;4.22.1&#8243; text_font=&#8220;Montserrat||||||||&#8220; text_text_color=&#8220;#747d88&#8243; text_font_size=&#8220;16px&#8220; text_line_height=&#8220;1.9em&#8220; header_font=&#8220;||||||||&#8220; header_2_font=&#8220;Open Sans|||on|||||&#8220; header_2_font_size=&#8220;46px&#8220; header_2_line_height=&#8220;1.3em&#8220; text_orientation=&#8220;center&#8220; max_width=&#8220;700px&#8220; module_alignment=&#8220;center&#8220; custom_margin=&#8220;0px||40px||false|false&#8220; custom_padding=&#8220;||0px|&#8220; animation_direction=&#8220;bottom&#8220; global_colors_info=&#8220;{}&#8220;]<\/p>\n<h2 style=\"text-align: center;\">WILLKOMMEN BEI Sartori<\/h2>\n<p>[\/et_pb_text][et_pb_image src=&#8220;https:\/\/sartori-friseure.de\/dorsten\/wp-content\/uploads\/sites\/8\/2023\/11\/Team_Dorsten_2023-jpg.webp&#8220; title_text=&#8220;Team_Dorsten_2023&#8243; align=&#8220;center&#8220; _builder_version=&#8220;4.22.1&#8243; _module_preset=&#8220;default&#8220; width=&#8220;90%&#8220; global_colors_info=&#8220;{}&#8220;]<br \/>\n[\/et_pb_image][et_pb_text admin_label=&#8220;Subtitle&#8220; _builder_version=&#8220;4.22.1&#8243; text_font=&#8220;Open Sans||||||||&#8220; text_text_color=&#8220;#747d88&#8243; text_font_size=&#8220;16px&#8220; text_line_height=&#8220;1.8em&#8220; header_font=&#8220;||||||||&#8220; text_orientation=&#8220;center&#8220; max_width=&#8220;870px&#8220; module_alignment=&#8220;center&#8220; custom_margin=&#8220;|||&#8220; animation_direction=&#8220;bottom&#8220; global_colors_info=&#8220;{}&#8220;]<\/p>\n<p><strong>Wir sind\u00a0Sven Hornemann,\u00a0Maximilian Hornemann &amp;\u00a0Maria Speikamp<\/strong><\/p>\n<p>Unser Trio hat sich aus der gemeinsamen Passion zur Haarmode und jahrelanger beruflicher Zusammenarbeit formiert. Wir sind nicht nur Friseure, sondern K\u00fcnstler, die darauf brennen, Ihren pers\u00f6nlichen Stil zu perfektionieren.<\/p>\n<p>Gemeinsam mit unserem hochqualifizierten Team sind wir<\/p>\n<h3><strong>SARTORI No.1<\/strong><\/h3>\n<p><em><\/em><\/p>\n<p>Wir arbeiten kontinuierlich daran, Ihre Einzigartigkeit zu unterstreichen und weiterzuentwickeln.<\/p>\n<p>In unserem Salon dreht sich alles darum, Ihre Pers\u00f6nlichkeit durch ma\u00dfgeschneiderte Haarkunst zum Ausdruck zu bringen. Lassen Sie uns gemeinsam Ihre Stilreise beginnen und Ihre pers\u00f6nliche Erscheinung neu definieren.<\/p>\n<p>Wir werden oft gefragt, wie man seinen Stil transformieren oder neu erfinden kann &#8211; und wir haben immer eine Antwort!<\/p>\n<p>[\/et_pb_text][\/et_pb_column][\/et_pb_row][\/et_pb_section][et_pb_section fb_built=&#8220;1&#8243; admin_label=&#8220;Latest Work Section&#8220; _builder_version=&#8220;4.22.1&#8243; background_color=&#8220;#e6e2de&#8220; custom_padding=&#8220;110px||5px|&#8220; hover_enabled=&#8220;0&#8243; global_colors_info=&#8220;{}&#8220; disabled_on=&#8220;on|on|on&#8220; disabled=&#8220;on&#8220; sticky_enabled=&#8220;0&#8243;][et_pb_row admin_label=&#8220;Service Section Title&#8220; _builder_version=&#8220;4.16&#8243; custom_margin=&#8220;||40px|&#8220; animation_style=&#8220;fade&#8220; animation_direction=&#8220;top&#8220; global_colors_info=&#8220;{}&#8220;][et_pb_column type=&#8220;4_4&#8243; _builder_version=&#8220;4.16&#8243; custom_padding=&#8220;|||&#8220; global_colors_info=&#8220;{}&#8220; custom_padding__hover=&#8220;|||&#8220;][et_pb_text admin_label=&#8220;Title&#8220; _builder_version=&#8220;4.16&#8243; text_font=&#8220;Montserrat||||||||&#8220; text_text_color=&#8220;#747d88&#8243; text_font_size=&#8220;16px&#8220; text_line_height=&#8220;1.9em&#8220; header_font=&#8220;||on||||||&#8220; header_font_size=&#8220;40px&#8220; header_2_font=&#8220;Open Sans|||on|||||&#8220; header_2_font_size=&#8220;46px&#8220; header_2_line_height=&#8220;1.3em&#8220; text_orientation=&#8220;center&#8220; max_width=&#8220;700px&#8220; module_alignment=&#8220;center&#8220; custom_margin=&#8220;||0px|&#8220; animation_style=&#8220;slide&#8220; animation_direction=&#8220;bottom&#8220; animation_intensity_slide=&#8220;4%&#8220; global_colors_info=&#8220;{}&#8220;]<\/p>\n<h2>INSPIRATIONEN<\/h2>\n<p>[\/et_pb_text][\/et_pb_column][\/et_pb_row][et_pb_row _builder_version=&#8220;4.16&#8243; custom_padding=&#8220;27px|0px|113px|0px|false|false&#8220; global_colors_info=&#8220;{}&#8220;][et_pb_column type=&#8220;4_4&#8243; _builder_version=&#8220;4.16&#8243; custom_padding=&#8220;|||&#8220; global_colors_info=&#8220;{}&#8220; custom_padding__hover=&#8220;|||&#8220;][et_pb_code _builder_version=&#8220;4.22.1&#8243; _module_preset=&#8220;default&#8220; global_colors_info=&#8220;{}&#8220;]\n<div id=\"sb_instagram\"  class=\"sbi sbi_mob_col_1 sbi_tab_col_3 sbi_col_5 sbi_width_resp sbi-theme sbi-default_theme sbi-style-regular\" style=\"padding-bottom: 12px;\" data-post-style=\"regular\" data-feedid=\"*1\"  data-res=\"auto\" data-cols=\"5\" data-colsmobile=\"1\" data-colstablet=\"3\" data-num=\"12\" data-nummobile=\"8\" data-header-size=\"medium\" data-item-padding=\"6\" data-shortcode-atts=\"{&quot;feed&quot;:&quot;1&quot;}\"  data-postid=\"6\" data-locatornonce=\"88a8365cb9\" data-options=\"{&quot;highlight&quot;:[&quot;pattern&quot;,&quot;&quot;,0,&quot;&quot;,&quot;&quot;],&quot;avatars&quot;:{&quot;sartori.no1&quot;:&quot;&quot;,&quot;LCLsartori.no1&quot;:0},&quot;lightboxcomments&quot;:20,&quot;colsmobile&quot;:1,&quot;colstablet&quot;:&quot;3&quot;,&quot;feedtheme&quot;:&quot;default_theme&quot;}\" data-sbi-flags=\"favorLocal,gdpr\">\n\n\n    <div id=\"sbi_images\" style=\"gap: 12px;\">\n\t\t    <\/div>\n\n\t<div id=\"sbi_load\" >\n\n\t\n\t        <span class=\"sbi_follow_btn sbi_custom\">\n        <a href=\"https:\/\/www.instagram.com\/sartori.no1\/\" style=\"background: rgb(0,104,160);color: rgb(255,255,255);\" target=\"_blank\" rel=\"nofollow noopener\">\n            <svg class=\"svg-inline--fa fa-instagram fa-w-14\" aria-hidden=\"true\" data-fa-processed=\"\" aria-label=\"Instagram\" data-prefix=\"fab\" data-icon=\"instagram\" role=\"img\" viewBox=\"0 0 448 512\">\n\t                <path fill=\"currentColor\" d=\"M224.1 141c-63.6 0-114.9 51.3-114.9 114.9s51.3 114.9 114.9 114.9S339 319.5 339 255.9 287.7 141 224.1 141zm0 189.6c-41.1 0-74.7-33.5-74.7-74.7s33.5-74.7 74.7-74.7 74.7 33.5 74.7 74.7-33.6 74.7-74.7 74.7zm146.4-194.3c0 14.9-12 26.8-26.8 26.8-14.9 0-26.8-12-26.8-26.8s12-26.8 26.8-26.8 26.8 12 26.8 26.8zm76.1 27.2c-1.7-35.9-9.9-67.7-36.2-93.9-26.2-26.2-58-34.4-93.9-36.2-37-2.1-147.9-2.1-184.9 0-35.8 1.7-67.6 9.9-93.9 36.1s-34.4 58-36.2 93.9c-2.1 37-2.1 147.9 0 184.9 1.7 35.9 9.9 67.7 36.2 93.9s58 34.4 93.9 36.2c37 2.1 147.9 2.1 184.9 0 35.9-1.7 67.7-9.9 93.9-36.2 26.2-26.2 34.4-58 36.2-93.9 2.1-37 2.1-147.8 0-184.8zM398.8 388c-7.8 19.6-22.9 34.7-42.6 42.6-29.5 11.7-99.5 9-132.1 9s-102.7 2.6-132.1-9c-19.6-7.8-34.7-22.9-42.6-42.6-11.7-29.5-9-99.5-9-132.1s-2.6-102.7 9-132.1c7.8-19.6 22.9-34.7 42.6-42.6 29.5-11.7 99.5-9 132.1-9s102.7-2.6 132.1 9c19.6 7.8 34.7 22.9 42.6 42.6 11.7 29.5 9 99.5 9 132.1s2.7 102.7-9 132.1z\"><\/path>\n\t            <\/svg>            <span>Auf Instagram folgen<\/span>\n        <\/a>\n    <\/span>\n\t\n<\/div>\n\n\t    <span class=\"sbi_resized_image_data\" data-feed-id=\"*1\" data-resized=\"[]\">\n\t<\/span>\n\t        <div id=\"sbi_mod_error\">\n            <span>Diese Fehlermeldung ist nur f\u00fcr WordPress-Administratoren sichtbar<\/span><br \/>\n        <div><strong>Es gab ein Problem mit deinem Instagram-Feed.<\/strong><\/div>        <\/div>\n        \n<\/div>\n\n\t<style type=\"text\/css\">\n\t\t\t\t#sb_instagram #sbi_load .sbi_load_btn:hover{\n\t\t\toutline: none;\n\t\t\tbox-shadow: inset 0 0 20px 20px #E8E8EB;\n\t\t}\n\t\t\t\t\n\t\t#sb_instagram .sbi_follow_btn a:hover,\n\t\t#sb_instagram .sbi_follow_btn a:focus{\n\t\t\toutline: none;\n\t\t\tbox-shadow: inset 0 0 10px 20px #005B8C;\n\t\t}\n\t\t\t<\/style>\n\t[\/et_pb_code][\/et_pb_column][\/et_pb_row][\/et_pb_section][et_pb_section fb_built=&#8220;1&#8243; disabled_on=&#8220;off|off|off&#8220; admin_label=&#8220;Feature Section&#8220; _builder_version=&#8220;4.22.1&#8243; background_color=&#8220;#ffffff&#8220; background_image=&#8220;https:\/\/sartori-friseure.de\/borken\/wp-content\/uploads\/sites\/9\/2021\/11\/kevinmurphy_sartoriborken_4.jpg&#8220; background_size=&#8220;contain&#8220; background_position=&#8220;top_left&#8220; custom_margin=&#8220;|||&#8220; custom_padding=&#8220;0||0||false|false&#8220; background_last_edited=&#8220;on|phone&#8220; background_enable_image_tablet=&#8220;off&#8220; background_enable_image_phone=&#8220;off&#8220; global_colors_info=&#8220;{}&#8220;][et_pb_row column_structure=&#8220;1_2,1_2&#8243; use_custom_gutter=&#8220;on&#8220; gutter_width=&#8220;4&#8243; admin_label=&#8220;Feature&#8220; module_class=&#8220; et_pb_row_fullwidth et_pb_row_fullwidth et_pb_row_fullwidth&#8220; _builder_version=&#8220;4.22.1&#8243; width=&#8220;86%&#8220; width_tablet=&#8220;80%&#8220; width_phone=&#8220;&#8220; width_last_edited=&#8220;on|desktop&#8220; max_width=&#8220;86%&#8220; max_width_tablet=&#8220;80%&#8220; max_width_phone=&#8220;&#8220; max_width_last_edited=&#8220;on|desktop&#8220; custom_margin=&#8220;||||false|false&#8220; custom_padding=&#8220;20px||20px||false|false&#8220; make_fullwidth=&#8220;on&#8220; custom_width_px=&#8220;500px&#8220; global_colors_info=&#8220;{}&#8220;][et_pb_column type=&#8220;1_2&#8243; _builder_version=&#8220;4.16&#8243; custom_padding=&#8220;|||&#8220; global_colors_info=&#8220;{}&#8220; custom_padding__hover=&#8220;|||&#8220;][\/et_pb_column][et_pb_column type=&#8220;1_2&#8243; _builder_version=&#8220;4.16&#8243; custom_padding=&#8220;7%||1%|&#8220; global_colors_info=&#8220;{}&#8220; custom_padding__hover=&#8220;|||&#8220;][et_pb_blurb title=&#8220;Neue Produkte von&#8220; image_icon_width=&#8220;45%&#8220; _builder_version=&#8220;4.22.1&#8243; header_level=&#8220;h3&#8243; header_font=&#8220;Open Sans|300|||||||&#8220; header_text_color=&#8220;333&#8243; header_font_size=&#8220;32px&#8220; header_line_height=&#8220;1.4em&#8220; body_font=&#8220;Montserrat||||&#8220; body_text_color=&#8220;333&#8243; body_font_size=&#8220;16px&#8220; body_line_height=&#8220;1.8em&#8220; text_orientation=&#8220;center&#8220; custom_margin=&#8220;3px||4px||false|false&#8220; custom_padding=&#8220;0px|30px|0px|30px&#8220; animation_style=&#8220;zoom&#8220; animation_delay=&#8220;100ms&#8220; border_width_all=&#8220;0px&#8220; border_color_all=&#8220;#dddddd&#8220; border_style_all=&#8220;solid&#8220; use_border_color=&#8220;on&#8220; border_color=&#8220;#dddddd&#8220; image_max_width=&#8220;45%&#8220; global_colors_info=&#8220;{}&#8220;]<br \/>\n[\/et_pb_blurb][et_pb_blurb title=&#8220;KEVIN.MURPHY&#8220; image_icon_width=&#8220;45%&#8220; _builder_version=&#8220;4.22.1&#8243; header_level=&#8220;h2&#8243; header_font=&#8220;|300|||||||&#8220; header_text_color=&#8220;333&#8243; header_font_size=&#8220;53px&#8220; header_line_height=&#8220;1.4em&#8220; body_font=&#8220;||||||||&#8220; body_text_color=&#8220;333&#8243; body_font_size=&#8220;16px&#8220; body_line_height=&#8220;1.8em&#8220; text_orientation=&#8220;center&#8220; custom_margin=&#8220;0px||0px||false|false&#8220; custom_padding=&#8220;0px|30px|0px|30px&#8220; animation_style=&#8220;zoom&#8220; animation_delay=&#8220;100ms&#8220; border_width_all=&#8220;0px&#8220; border_color_all=&#8220;#dddddd&#8220; border_style_all=&#8220;solid&#8220; use_border_color=&#8220;on&#8220; border_color=&#8220;#dddddd&#8220; image_max_width=&#8220;45%&#8220; global_colors_info=&#8220;{}&#8220;]<br \/>\n[\/et_pb_blurb][et_pb_button button_url=&#8220;https:\/\/sartori-friseure.de\/dorsten\/produkte\/&#8220; button_text=&#8220;ZU DEN PRODUKTEN&#8220; button_alignment=&#8220;center&#8220; _builder_version=&#8220;4.22.1&#8243; _module_preset=&#8220;default&#8220; custom_button=&#8220;on&#8220; button_text_size=&#8220;18px&#8220; button_text_color=&#8220;#FFFFFF&#8220; button_bg_color=&#8220;#4c4844&#8243; global_colors_info=&#8220;{}&#8220;]<br \/>\n[\/et_pb_button][et_pb_image src=&#8220;https:\/\/sartori-friseure.de\/borken\/wp-content\/uploads\/sites\/9\/2020\/09\/kevinmurphy_sartoriborken_1.jpg&#8220; _builder_version=&#8220;4.22.1&#8243; _module_preset=&#8220;default&#8220; custom_margin=&#8220;||50px|||&#8220; global_colors_info=&#8220;{}&#8220;]<br \/>\n[\/et_pb_image][\/et_pb_column][\/et_pb_row][\/et_pb_section][et_pb_section fb_built=&#8220;1&#8243; admin_label=&#8220;Testimonial Section&#8220; _builder_version=&#8220;3.19.3&#8243; background_color=&#8220;#e6e2de&#8220; custom_margin=&#8220;|||&#8220; custom_padding=&#8220;110px||110px|&#8220; global_module=&#8220;583&#8243; global_colors_info=&#8220;{}&#8220;][et_pb_row admin_label=&#8220;Testimonial Title&#8220; _builder_version=&#8220;4.16&#8243; custom_margin=&#8220;|||&#8220; animation_style=&#8220;fade&#8220; global_colors_info=&#8220;{}&#8220;][et_pb_column type=&#8220;4_4&#8243; _builder_version=&#8220;4.16&#8243; custom_padding=&#8220;|||&#8220; global_colors_info=&#8220;{}&#8220; custom_padding__hover=&#8220;|||&#8220;][et_pb_text _builder_version=&#8220;4.16&#8243; text_font=&#8220;Montserrat|on||on|&#8220; text_text_color=&#8220;#353740&#8243; text_font_size=&#8220;42px&#8220; text_line_height=&#8220;1.2em&#8220; header_font=&#8220;||||||||&#8220; header_2_font=&#8220;Open Sans||||||||&#8220; header_2_font_size=&#8220;46px&#8220; text_orientation=&#8220;center&#8220; max_width=&#8220;700px&#8220; module_alignment=&#8220;center&#8220; global_colors_info=&#8220;{}&#8220;]<\/p>\n<h2>WAS UNSERE KUNDEN SAGEN<\/h2>\n<p>[\/et_pb_text][et_pb_text admin_label=&#8220;Subtitle&#8220; _builder_version=&#8220;4.16&#8243; text_font=&#8220;Montserrat||||&#8220; text_text_color=&#8220;#747d88&#8243; text_font_size=&#8220;16px&#8220; text_line_height=&#8220;1.8em&#8220; text_orientation=&#8220;center&#8220; max_width=&#8220;600px&#8220; module_alignment=&#8220;center&#8220; custom_margin=&#8220;|||&#8220; global_colors_info=&#8220;{}&#8220;]<\/p>\n<p>Andere zufriedene Kunden erz\u00e4hlen \u00fcber Ihre Erfahrungen bei Sartori. viel Spa\u00df beim lesen!<\/p>\n<p>[\/et_pb_text][\/et_pb_column][\/et_pb_row][et_pb_row admin_label=&#8220;Testimonial&#8220; _builder_version=&#8220;4.16&#8243; custom_padding=&#8220;|||&#8220; global_colors_info=&#8220;{}&#8220; column_structure=&#8220;1_2,1_2&#8243;][et_pb_column type=&#8220;1_2&#8243; _builder_version=&#8220;4.16&#8243; custom_padding=&#8220;|||&#8220; global_colors_info=&#8220;{}&#8220; custom_padding__hover=&#8220;|||&#8220;][et_pb_testimonial author=&#8220; Dani IC&#8220; quote_icon=&#8220;off&#8220; _builder_version=&#8220;4.16&#8243; body_font=&#8220;Montserrat||||&#8220; body_text_color=&#8220;#747d88&#8243; body_font_size=&#8220;16px&#8220; body_line_height=&#8220;1.8em&#8220; animation_style=&#8220;slide&#8220; animation_direction=&#8220;left&#8220; animation_intensity_slide=&#8220;20%&#8220; global_colors_info=&#8220;{}&#8220;]<\/p>\n<p><span>Sehr zufrieden!! Super Beratung und man gibt sich viel M\u00fche!! Vorallem vielen Dank an Miriam! Nur zu empfehlen!<\/span><\/p>\n<p>[\/et_pb_testimonial][et_pb_testimonial author=&#8220; Jay Kay Roque&#8220; quote_icon=&#8220;off&#8220; _builder_version=&#8220;4.16&#8243; body_font=&#8220;Montserrat||||&#8220; body_text_color=&#8220;#747d88&#8243; body_font_size=&#8220;16px&#8220; body_line_height=&#8220;1.8em&#8220; animation_style=&#8220;slide&#8220; animation_direction=&#8220;left&#8220; animation_intensity_slide=&#8220;20%&#8220; global_colors_info=&#8220;{}&#8220;]<\/p>\n<p><span>Super nettes Team, super Beratung. Sie nehmen sich Zeit f\u00fcr deine Bed\u00fcrfnisse. Immer wieder gerne!<\/span><\/p>\n<p>[\/et_pb_testimonial][et_pb_testimonial author=&#8220; Esra Ahmet Topalsatir&#8220; quote_icon=&#8220;off&#8220; _builder_version=&#8220;4.16&#8243; body_font=&#8220;Montserrat||||&#8220; body_text_color=&#8220;#747d88&#8243; body_font_size=&#8220;16px&#8220; body_line_height=&#8220;1.8em&#8220; animation_style=&#8220;slide&#8220; animation_direction=&#8220;left&#8220; animation_intensity_slide=&#8220;20%&#8220; global_colors_info=&#8220;{}&#8220;]<\/p>\n<p><span>Sehr nette und kompetente Stylisten. Absolutes Wohlf\u00fchlambiente&#8230;komme immer wieder gern zu Euch <\/span><span class=\"_5mfr\"><span class=\"_6qdm\">\ud83d\ude18<\/span><\/span><\/p>\n<p>[\/et_pb_testimonial][\/et_pb_column][et_pb_column type=&#8220;1_2&#8243; _builder_version=&#8220;4.16&#8243; custom_padding=&#8220;|||&#8220; global_colors_info=&#8220;{}&#8220; custom_padding__hover=&#8220;|||&#8220;][et_pb_testimonial author=&#8220; Kathrin Einhaus-Bergmann&#8220; quote_icon=&#8220;off&#8220; _builder_version=&#8220;4.16&#8243; body_font=&#8220;Montserrat||||&#8220; body_text_color=&#8220;#747d88&#8243; body_font_size=&#8220;16px&#8220; body_line_height=&#8220;1.8em&#8220; animation_style=&#8220;slide&#8220; animation_direction=&#8220;left&#8220; animation_intensity_slide=&#8220;20%&#8220; global_colors_info=&#8220;{}&#8220;]<\/p>\n<p><span>Einfach nur super! Ich bin mehr als zufrieden!\u00a0<\/span><br \/><span>Von einem ausgewaschenen, rauswachsenden Blond zu Br\u00fcnette mit Sandfarbenen Baylage!\u00a0<\/span><br \/><span>Im Salon f\u00fchlte ich mich sehr wohl, der Service war spitze, das Team immer freundlich und die Arbeit authentisch. <\/span><br \/><span>Ich denke bei euch bin ich gut aufgehoben. Endlich habe ich den richtigen Friseur f\u00fcr mich gefunden.\u00a0<\/span><br \/><span>Vielen Dank!\u00a0<\/span><\/p>\n<p>[\/et_pb_testimonial][et_pb_testimonial author=&#8220; Amelie Snnbrg&#8220; quote_icon=&#8220;off&#8220; _builder_version=&#8220;4.16&#8243; body_font=&#8220;Montserrat||||&#8220; body_text_color=&#8220;#747d88&#8243; body_font_size=&#8220;16px&#8220; body_line_height=&#8220;1.8em&#8220; animation_style=&#8220;slide&#8220; animation_direction=&#8220;left&#8220; animation_intensity_slide=&#8220;20%&#8220; global_colors_info=&#8220;{}&#8220;]<\/p>\n<p><span>Nach fast einem Jahr Tortur, diversen Friseuren und misslungenen Haaren bin ich dank euch endlich 100% zufrieden!<\/span><\/p>\n<p>[\/et_pb_testimonial][\/et_pb_column][\/et_pb_row][\/et_pb_section][et_pb_section fb_built=&#8220;1&#8243; admin_label=&#8220;Contact Form Section&#8220; module_id=&#8220;kontakt&#8220; _builder_version=&#8220;3.19.3&#8243; background_color=&#8220;#e6e2de&#8220; custom_padding=&#8220;70px||110px||false|false&#8220; animation_style=&#8220;zoom&#8220; animation_direction=&#8220;bottom&#8220; animation_intensity_zoom=&#8220;10%&#8220; global_module=&#8220;427&#8243; saved_tabs=&#8220;all&#8220; global_colors_info=&#8220;{}&#8220;][et_pb_row admin_label=&#8220;Service Section Title&#8220; _builder_version=&#8220;4.16&#8243; custom_margin=&#8220;||40px|&#8220; animation_style=&#8220;fade&#8220; animation_direction=&#8220;top&#8220; locked=&#8220;off&#8220; global_colors_info=&#8220;{}&#8220;][et_pb_column type=&#8220;4_4&#8243; _builder_version=&#8220;4.16&#8243; custom_padding=&#8220;|||&#8220; global_colors_info=&#8220;{}&#8220; custom_padding__hover=&#8220;|||&#8220;][et_pb_text admin_label=&#8220;Title&#8220; _builder_version=&#8220;4.16&#8243; text_font=&#8220;Montserrat||||||||&#8220; text_text_color=&#8220;#747d88&#8243; text_font_size=&#8220;16px&#8220; text_line_height=&#8220;1.9em&#8220; header_font=&#8220;||||||||&#8220; header_2_font=&#8220;Open Sans|||on|||||&#8220; header_2_font_size=&#8220;46px&#8220; header_2_line_height=&#8220;1.1em&#8220; background_size=&#8220;initial&#8220; background_position=&#8220;top_left&#8220; background_repeat=&#8220;repeat&#8220; text_orientation=&#8220;center&#8220; max_width=&#8220;700px&#8220; module_alignment=&#8220;center&#8220; animation_style=&#8220;slide&#8220; animation_direction=&#8220;bottom&#8220; animation_intensity_slide=&#8220;4%&#8220; global_colors_info=&#8220;{}&#8220;]<\/p>\n<h2>NEHMEN SIE KONTAKT<\/h2>\n<h2>MIT UNS AUF:<\/h2>\n<p>[\/et_pb_text][et_pb_text _builder_version=&#8220;4.16&#8243; text_font=&#8220;Open Sans||||||||&#8220; text_font_size=&#8220;20px&#8220; text_line_height=&#8220;1.8em&#8220; header_font=&#8220;||||||||&#8220; text_orientation=&#8220;center&#8220; global_colors_info=&#8220;{}&#8220;]<\/p>\n<p>Sie m\u00f6chten einen Termin bei uns vereinbaren, haben Fragen oder W\u00fcnsche bei denen wir Ihnen behilflich sein k\u00f6nnen? Sie ben\u00f6tigen eine Information zu unseren Produkten oder Preisen? Dann kommen Sie gerne telefonisch auf uns zu oder schauen Sie gerne direkt bei uns vorbei.<\/p>\n<p>&nbsp;<\/p>\n<p>[\/et_pb_text][et_pb_image src=&#8220;https:\/\/sartori-friseure.de\/dorsten\/wp-content\/uploads\/sites\/8\/2019\/01\/logo_dark_dorsten.png&#8220; align=&#8220;center&#8220; align_tablet=&#8220;center&#8220; align_phone=&#8220;&#8220; align_last_edited=&#8220;on|desktop&#8220; _builder_version=&#8220;4.16&#8243; max_width=&#8220;36%&#8220; max_width_tablet=&#8220;80%&#8220; max_width_phone=&#8220;80%&#8220; max_width_last_edited=&#8220;on|tablet&#8220; global_colors_info=&#8220;{}&#8220;][\/et_pb_image][et_pb_text _builder_version=&#8220;4.22.1&#8243; text_font=&#8220;||||||||&#8220; text_font_size=&#8220;20px&#8220; text_line_height=&#8220;1.8em&#8220; header_font=&#8220;||||||||&#8220; text_orientation=&#8220;center&#8220; global_colors_info=&#8220;{}&#8220;]<\/p>\n<p><strong><\/strong><\/p>\n<p>Hauptstra\u00dfe 21-23<\/p>\n<p>46284 Dorsten<\/p>\n<p><a href=\"tel:+49236262185\"><strong>Tel.: <span>0 23 62 \/ 62 18 5<\/span><\/strong><\/a><\/p>\n<p><strong><span><\/span><\/strong><\/p>\n<p><strong>\u00d6ffnungszeiten:<\/strong><br \/>Dienstag bis Donnerstag 9.00 Uhr \u2013 18.00 Uhr<br \/>Freitag 9.00 Uhr \u2013 19.00 Uhr<br \/>Samstag 8.00 Uhr \u2013 13.00 Uhr<\/p>\n<p>&nbsp;<\/p>\n<p>[\/et_pb_text][\/et_pb_column][\/et_pb_row][\/et_pb_section]<\/p>\n","protected":false},"excerpt":{"rendered":"<p>WILLKOMMEN BEI Sartori Wir sind\u00a0Sven Hornemann,\u00a0Maximilian Hornemann &amp;\u00a0Maria Speikamp Unser Trio hat sich aus der gemeinsamen Passion zur Haarmode und jahrelanger beruflicher Zusammenarbeit formiert. Wir sind nicht nur Friseure, sondern K\u00fcnstler, die darauf brennen, Ihren pers\u00f6nlichen Stil zu perfektionieren. Gemeinsam mit unserem hochqualifizierten Team sind wir SARTORI No.1 Wir arbeiten kontinuierlich daran, Ihre Einzigartigkeit zu [&hellip;]<\/p>\n","protected":false},"author":1,"featured_media":0,"parent":0,"menu_order":0,"comment_status":"closed","ping_status":"closed","template":"","meta":{"_et_pb_use_builder":"on","_et_pb_old_content":"","_et_gb_content_width":"","footnotes":""},"class_list":["post-6","page","type-page","status-publish","hentry"],"_links":{"self":[{"href":"https:\/\/sartori-friseure.de\/dorsten\/wp-json\/wp\/v2\/pages\/6","targetHints":{"allow":["GET"]}}],"collection":[{"href":"https:\/\/sartori-friseure.de\/dorsten\/wp-json\/wp\/v2\/pages"}],"about":[{"href":"https:\/\/sartori-friseure.de\/dorsten\/wp-json\/wp\/v2\/types\/page"}],"author":[{"embeddable":true,"href":"https:\/\/sartori-friseure.de\/dorsten\/wp-json\/wp\/v2\/users\/1"}],"replies":[{"embeddable":true,"href":"https:\/\/sartori-friseure.de\/dorsten\/wp-json\/wp\/v2\/comments?post=6"}],"version-history":[{"count":164,"href":"https:\/\/sartori-friseure.de\/dorsten\/wp-json\/wp\/v2\/pages\/6\/revisions"}],"predecessor-version":[{"id":1837,"href":"https:\/\/sartori-friseure.de\/dorsten\/wp-json\/wp\/v2\/pages\/6\/revisions\/1837"}],"wp:attachment":[{"href":"https:\/\/sartori-friseure.de\/dorsten\/wp-json\/wp\/v2\/media?parent=6"}],"curies":[{"name":"wp","href":"https:\/\/api.w.org\/{rel}","templated":true}]}}